. What is the greatest common factor of b and 45?
9
Let o(l) = l - 5. Let t be o(11). Let h be 77*(2/(-2) + 2). Suppose h - 17 = 2*y. Calculate the highest common factor of t and y.
6
Let g be (-1)/2 + (-9)/(-2). Suppose 8 - 24 = -g*f. Suppose b - 6*s + 2*s - 51 = 0, 3*b + f*s - 89 = 0. Calculate the greatest common divisor of b and 7.
7
Let d(v) = 3*v - 41. Let g be d(15). Suppose 100 = 3*j + 2*f, -4*f + 35 - 195 = -4*j. What is the greatest common factor of j and g?
4
Suppose -g = 3*g + 68. Let v = -8 - g. Suppose -14*q = -v*q - 150. Calculate the highest common factor of 3 and q.
3
Suppose -5*m + 23 = 5*z - 2, -4*m + z + 5 = 0. Suppose 139 = 4*b - y, -m*y - 170 = -3*b - 2*b. What is the greatest common divisor of 12 and b?
12
Let u(h) = -h**3 - 51*h**2 - 50*h + 66. Let l be u(-50). What is the greatest common factor of 616 and l?
22
Let u be (-28)/(-3)*(-48)/(-32). Let v = 19 - 13. Calculate the greatest common divisor of u and v.
2
Let k = 64 + -63. Suppose -4*b + 4*a + 140 = 0, -2*b - k + 91 = 2*a. What is the highest common factor of b and 40?
40
Suppose 8*i - 1136 = -336. Calculate the greatest common factor of i and 150.
50
Let d = 189 + -68. Suppose 0 = -2*o + d - 77. Calculate the greatest common factor of o and 11.
11
Suppose 4*o + 29 = -5*m + 165, 0 = 3*m. What is the greatest common factor of o and 136?
34
Suppose 3*z - 9 = 0, -2*d = 5*z - 29 + 10. Suppose 0*c = -2*c - i + 36, -d*c + 5*i + 12 = 0. What is the highest common factor of 64 and c?
16
Let q be -31 + (-8 - -4) - 1. Let n be q/8*(-138)/9. Calculate the highest common divisor of n and 23.
23
Let w(k) be the second derivative of -4*k**3/3 - 3*k**2 + 5*k. Let l be w(-5). Suppose s = 19 - 2. What is the greatest common divisor of l and s?
17
Let k(y) = 13*y**2 - 20*y + 22. Let s be k(3). Calculate the greatest common divisor of 2054 and s.
79
Let b(g) = -g**2 + 11*g + 24. Let w be b(12). Suppose 3*d - 10 = -2*d - h, -5*h = -3*d + 34. What is the greatest common divisor of w and d?
3
Let f(m) = 6*m**2 + 2*m - 272. Let b be f(-8). Let r = -31 - -43. What is the highest common factor of r and b?
12
Let o(w) = -11*w**3 - w**2 - 1. Let j be o(-2). Let z be (-6)/(-9) + 655/(-15). Let m = j + z. Calculate the highest common factor of 16 and m.
8
Suppose 3*o = 6 + 3. Suppose o*p + 2*p = 0. Suppose b + b - 4 = p. Calculate the highest common divisor of 2 and b.
2
Let o be (1 - (-6)/(-7))/(3/21). What is the highest common divisor of 11 and o?
1
Suppose -7*m - 20 = -3*m, -5*d - 2*m - 590 = 0. Let c = d + 188. Calculate the greatest common divisor of 24 and c.
24
Let q be (-14)/4*(-28 + 6). Let y = 19 - 15. Suppose -b - 33 = -y*b. Calculate the greatest common factor of q and b.
11
Let z(o) = 12*o**2 + 2*o - 2. Suppose -4*l - l - 15 = 0. Let w be -4 - (l + 0) - -4. Let a be z(w). What is the greatest common divisor of 16 and a?
16
Let d(x) = 7*x + 4. Let f be d(2). Let y(g) = 2*g - 36. Let w be y(24). What is the highest common divisor of f and w?
6
Suppose -3*j - 2*j = 35. Let z(m) = -m**3 - 7*m**2 + 9. Let k be z(j). Let y be k + -3 + -4 - -46. Calculate the highest common divisor of y and 16.
16
Let f be (-98)/(-245) - 1286/(-10). What is the greatest common factor of 86 and f?
43
Let p be 2/8 + 150/(-24). Let n be p + 5 + 1*5. Suppose -21 = -n*q + 7. Calculate the highest common divisor of q and 49.
7
Let h(y) = 58*y + 436. Let n be h(-7). Suppose 0 = b - 475 - 128. Suppose 0 = -5*p - 3 + b. What is the highest common divisor of p and n?
30
Suppose -51*p - 108 = -57*p. What is the highest common divisor of 42 and p?
6
Let b(n) be the third derivative of -n**5/60 + 5*n**4/24 + n**3/2 - 15*n**2. Let o be b(5). What is the greatest common factor of 21 and o?
3
Let g be (-10)/15 + 7/6*-2. Let k(o) = -7*o**3 + 3*o**2 - 2*o - 2. Let r be k(g). What is the highest common factor of 20 and r?
20
Let c(f) = f + 17. Let b be c(-20). Let n be b/12 + 164/16. What is the greatest common factor of n and 30?
10
Let t be (6/9)/(4/138). Let q be (24 - 1) + (7 - 7). Calculate the highest common factor of t and q.
23
Let x = -409 - -734. Calculate the highest common divisor of 13 and x.
13
Let p(h) = -2*h - 2. Let x be p(3). Let g = 74 + x. Calculate the highest common factor of 6 and g.
6
Suppose 561*c - 1404 = 548*c. What is the greatest common factor of 42 and c?
6
Let k(q) = 6*q**2 - 3*q + 2. Let a be k(1). Suppose -3*o = 2*o - 3*z - 101, a*o - z - 107 = 0. Calculate the highest common factor of 198 and o.
22
Suppose -2*p = -433 + 349. Calculate the highest common factor of p and 154.
14
Suppose -4*s + 2*i + 22 = 0, 5*i = s - 1 - 9. Suppose 5*x = 4*x + 3*t + 58, 0 = s*x + 2*t - 239. Calculate the greatest common factor of 196 and x.
49
Suppose 3*j - 39 = -s, 0*s - 2*s + 3*j + 78 = 0. Suppose 575*p - 585*p = -1560. Calculate the highest common divisor of s and p.
39
Let k be (-9*3/(-3))/(-1). Let b = k - -11. Let t be (b/5)/((-4)/(-20)). What is the greatest common factor of 2 and t?
2
Let z(r) = -r. Let k be z(-2). Suppose -q + 3*i + 128 = 0, -5*q + q - k*i = -582. Let v be 1/((-1)/(-13) + 0). Calculate the greatest common divisor of v and q.
13
Let y = 51 - 26. Let u = y - -24. Calculate the greatest common factor of u and 7.
7
Let m(r) = 5*r**3 - 2*r**2 - 5*r + 6. Let d be m(2). Calculate the highest common factor of d and 112.
28
Let w be 5586/35 + (-11)/(220/(-8)). Suppose 6*r = 5*r + 20. What is the highest common divisor of r and w?
20
Suppose -2*v - 14 = -6, -y = 3*v + 11. Let s be -1 + 172*y*1. Let m = -668 - -687. Calculate the highest common factor of m and s.
19
Let k(t) = t**2 - 6*t + 10. Let r be k(12). What is the highest common divisor of r and 41?
41
Let l = 66 - -51. Suppose -3*t + 198 = -l. Let m be 0/((-2)/(-1)) + 15. What is the greatest common factor of t and m?
15
Suppose 2*t - 15 = 17. Let c be t/24 + (-92)/(-6). What is the highest common factor of 12 and c?
4
Let k(v) = 11*v. Let g be k(3). Suppose -4*m = -16, -283 = -5*f + 5*m - g. What is the greatest common factor of f and 81?
27
Let m be 14 + -7 + 0 + 20. Calculate the highest common factor of m and 9.
9
Let q(u) = 3*u**3 + 9*u**2 - 15*u - 7. Let w be q(3). What is the greatest common divisor of w and 176?
22
Suppose g + 2 = -28. Let q be (14 + g)*((-66)/(-4))/(-3). What is the greatest common divisor of q and 8?
8
Let r = 49 - 46. Suppose 5*k - 234 - 26 = -2*q, r*q = 15. Calculate the highest common factor of k and 20.
10
Let x(y) = 2*y**2 + 7*y - 2. Suppose -4*g = 20, f - 3*g = g + 22. Let a be x(f). Calculate the highest common divisor of a and 25.
5
Suppose 3*c = 15, g + 5*c + 40 - 285 = 0. What is the greatest common divisor of g and 66?
22
Let y = 36 + -48. Let g be y/(4/1) + 1 + 3. Let c(u) = -u + 1. Let a be c(-3). What is the highest common divisor of a and g?
1
Suppose -f = -5*i + 174, 5*i - 4*f + 0*f - 171 = 0. Let k = -50 + 55. Calculate the greatest common divisor of i and k.
5
Suppose -v + 54 = 2*v. Suppose -2*a = -v*a + 384. What is the greatest common divisor of a and 48?
24
Let l be (5/10)/(5/70) + 1081. Calculate the greatest common factor of 68 and l.
68
Let i = -438 + 474. Calculate the greatest common factor of 9 and i.
9
Suppose -3*q - 1 = 41. Let w be (3 + -1)/(q/(-161)). Calculate the highest common factor of w and 46.
23
Let k(q) = 21*q - 21. Let b be k(17). What is the greatest common factor of b and 84?
84
Suppose 2396 + 4324 = 6*q. What is the greatest common factor of 35 and q?
35
Let w be -7*(-7)/(63/81). Let n(r) = r**2 - 3*r + 5. Let k be n(4). Calculate the highest common divisor of k and w.
9
Let v(o) = 68*o + 1. Let y be v(1). Let p be -91*(-7)/28 + 5/20. Calculate the greatest common factor of y and p.
23
Let t(y) = -71*y + 1. Let r be t(-2). Suppose 0 = 10*v - 5*v - 65. What is the highest common factor of r and v?
13
Let q be 1/(-4*4/(-48)). Suppose 8*m - 45 = q*m. Let u be (-15)/((-3)/(-27)*-3). Calculate the greatest common factor of m and u.
9
Let z = -15 - 33. Let u = 55 + z. Suppose s - 31 - 46 = 0. What is the greatest common factor of u and s?
7
Suppose 9*p = 1246 + 2066. What is the highest common factor of 144 and p?
16
Suppose -x - 280 = -8*x. Calculate the greatest common factor of 60 and x.
20
Let o = -2235 - -2390. Suppose 4*x - 2*x = 5*d + 124, 0 = -4*d. Calculat